ate p(t).
-142
Let x(k) be the third derivative of k**5/60 - k**4/12 + 2*k**3/3 - 5805*k**2. Determine x(6).
28
Suppose -4*l + 20 = -4*r, -2*l - 41 = 5*r - 2. Let o(p) = -5*p - 29. What is o(r)?
6
Let p(w) = 33 - 4*w + 46 - 93 + 32. Calculate p(-7).
46
Let o be (2 - 0) + (8 - 0) + -7. Let s(j) = 13*j - 3. Calculate s(o).
36
Let a be 23/5 - (-4)/10. Suppose -5*r + 16 = -4*b, -a*r + 0*b - 8 = 2*b. Suppose r = -6*q - 18 - 0. Let k(l) = l**3 + 2*l**2 - 3*l. Calculate k(q).
0
Suppose 3*z - 623 = 4*d + 6, 0 = -3*z - 3*d + 636. Let q(w) = 65 + 8*w**2 + 75 + 73 + w**3 - z + 5*w. Determine q(-7).
16
Let w(l) = 3*l + 2. Let q be w(-4). Let j(p) be the first derivative of -p**3/3 - 5*p**2 - p - 214. Let o(u) = -1. Let s(m) = -j(m) - 2*o(m). Calculate s(q).
3
Let q(i) = -17*i**3 + 2*i - 1. Suppose -2*k = -3*m + 1, -3*k - 3*m = 35 - 26. What is q(k)?
131
Let p be -1*(-13)/(-1) + 1. Let d(a) = 1392*a + 9 + 5 + 2 - 1390*a. Give d(p).
-8
Let a(m) be the second derivative of -1/12*m**4 - 56*m - m**3 - 1/2*m**2 + 0. Give a(-4).
7
Let d(c) be the third derivative of c**6/120 - 11*c**5/60 + 23*c**4/24 - c**3 + 506*c**2 - 2*c. What is d(7)?
-41
Let b(q) = q**3 - 8*q**2 + 2*q + 4. Suppose 0 = 4*d - 2*n - 14, -3*d = 29*n - 24*n - 4. What is b(d)?
-35
Let j(g) = -42*g + 616. Let a(x) = -x - 30. Let q(u) = -3*a(u) + j(u). Calculate q(18).
4
Let g be 286/33 - (-14)/(-21)*1. Let n(a) = -3*a**2 + 24*a + 2. Give n(g).
2
Let q(j) be the third derivative of j**6/120 - 2*j**5/15 - 7*j**4/24 - 11*j**3/3 + 972*j**2. Determine q(9).
-4
Let f(w) = -2*w**3 + 97*w + 1. Let p be f(-7). Let u(s) be the second derivative of s**5/20 - 3*s**4/4 + 4*s**3/3 + s**2/2 + 19*s. Give u(p).
1
Let l(f) be the first derivative of -f**3 + 35*f**2/2 + 24*f - 1232. Give l(12).
12
Suppose -c - 1 = -5. Suppose -4*k + c*j = -4, j + 5 = 4. Let l(z) = 16 + 1570*z**2 - 4 - z - 1571*z**2 + z + z. Determine l(k).
12
Let k(n) = -4*n**2 + 2*n - 6. Let y(g) = -3*g**2 + g - 5. Let t(i) = 4*k(i) - 5*y(i). Let c(r) = -3*r + 36. Let z = -18 + 28. Let d be c(z). Calculate t(d).
-17
Suppose -10 = 4*l + l + 5*v, 2*l = 3*v + 21. Let b be (-2)/9 - 1507/(-99). Let p(o) = -4 - b*o + 0 + 2 + l. Give p(1).
-14
Let x(f) be the third derivative of f**5/60 - f**4/3 - 44*f**3/3 + 22*f**2 + 4*f. Determine x(14).
-4
Let x(z) be the third derivative of -1/12*z**5 - 1/120*z**6 - 1/6*z**3 + 0 + 27*z**2 + 0*z - 1/6*z**4. Let y(c) = -2*c - 17. Let f be y(-7). Determine x(f).
-7
Let j(h) = -h**3 - h**2. Suppose 4*w + 2*a + 165 = -433, -5*a + 281 = -2*w. Let y = w - -146. What is j(y)?
4
Let v(x) = -3*x + 11. Suppose 7*g - 10*g = -2*w - 85, -g = w - 20. Suppose -27*s = -32*s + g. Calculate v(s).
-4
Let s(h) = -117*h**2 + 54*h**2 + 5*h - 3 + 6*h + 4 + 61*h**2. What is s(4)?
13
Let x(a) = 24*a - 67. Let c(i) = 8*i - 22. Let v(m) = -8*c(m) + 3*x(m). Give v(5).
15
Let v = -27 - -39. Suppose 0 = -9*w + 13*w + v. Let f(j) be the first derivative of -j**3/3 + 2*j - 136. Calculate f(w).
-7
Let j = -1119 + 1122. Let a(o) = -3*o**2 + 11*o - 3. Determine a(j).
3
Let h be (-7)/7 - (-20 + 2). Let u(y) = -y**2 + 17*y + 7. Let m(q) = 2*q**2 - 34*q - 14. Let c(d) = -6*m(d) - 11*u(d). Give c(h).
7
Let h(v) = 34*v**2 - 4*v + 2. Suppose 87*g - 107 = -80*g + 60*g. Calculate h(g).
32
Let r(u) = 15*u - 16. Let s(z) = 38*z - 33. Let w(b) = -5*r(b) + 2*s(b). Give w(-5).
9
Suppose -4 = 3*j - 5*c, -2*c - 14 = -131*j + 135*j. Let b(f) = 3*f**3 + f + 6. Determine b(j).
-78
Let f(h) = -h**3 + 7*h**2 - 11*h + 4. Suppose -3*r + 4*q + 36 = 4*r, 5*q + 14 = r. Give f(r).
8
Let b(u) = -u - 17. Let p be b(-11). Let r(f) be the third derivative of f**6/120 + 7*f**5/60 + f**4/4 + 4*f**3/3 - 963*f**2. What is r(p)?
8
Let q(a) = 0*a**2 + a**2 + 3 - 5 - a. Let j(y) = -3*y**2 - 33*y + 67. Let p be j(-12). Suppose 4 = 2*x, 3*d - p = -2*d - 3*x. What is q(d)?
18
Let x(o) be the third derivative of 25*o**4/12 + o**3/6 + 8*o**2 + 4*o + 31. Give x(-2).
-99
Suppose 0 = -2*g + 2*y - 14, 7*y = 3*y - 20. Let f(h) be the first derivative of 12*h - 1/3*h**3 - 11/2*h**2 + 5. Calculate f(g).
0
Let b be 0/(-2) + -1 - 2. Let a(n) = 7*n**3 + 14*n**2 + 13*n + 39. Let z(m) = 11*m**3 + 22*m**2 + 20*m + 61. Let q(o) = 14*a(o) - 9*z(o). Calculate q(b).
0
Let l be (-3 - (-7 + 7))*-1*12/9. Let v(j) = j**3 - 4*j**2 - 2*j + 5. What is v(l)?
-3
Let x(m) = m**3 - 7*m**2 + 8*m - 14. Suppose 17*f = -37 - 31. Let i = f - -10. Give x(i).
-2
Let i(k) = -1. Let g(z) = 12*z + 851. Let c be g(-71). Let j(s) = 0 + 2 - 10*s + 3. Let h(r) = c*j(r) - 4*i(r). What is h(1)?
9
Suppose 8*a - 9*a = -31. Suppose a*b = 28*b - 21. Let i be (-7)/(-2)*(-4 - b - 1). Let p(j) = -2*j + 5. Give p(i).
-9
Let w(u) be the second derivative of -u**4/12 - u**3/2 + u**2/2 + 956*u + 1. Give w(-1).
3
Let l(t) = -t**2 + 51*t - 572. Let y be l(34). Let r(n) = -n**2 + 2*n + 6. Determine r(y).
-18
Let u(f) = 4 - 2*f**2 + 0 + 3*f**2 - 10*f + 0. Let k be 81 + -84 + (5 - 0 - -1). Suppose 25 = 4*w - 5*r, 16 + 0 = k*w - r. Give u(w).
-21
Let n(u) = u - 3*u - 2 + 4*u. Let g be (4/(-8))/((-98)/(-84)) - 22/14. Give n(g).
-6
Suppose 2*p - u = 4*u + 15, 0 = -4*p - 2*u + 18. Let d(m) be the first derivative of -m**2/2 + 4*m + 59. Calculate d(p).
-1
Let d be 5887/840 - (63 + -56). Let w(u) be the third derivative of 2/15*u**5 + 7/24*u**4 - 1/2*u**3 + 0*u - 10*u**2 + 0 + d*u**6. Calculate w(-7).
-3
Let q(t) = 12*t**2 + 29*t + 69. Let x(k) = 17*k**2 + 43*k + 103. Let m(a) = 10*q(a) - 7*x(a). Calculate m(9).
-49
Let j(z) = -z**3 - z**2 + 2*z + 2. Let o be j(-2). Let q = -235 - -237. Let r(v) = v + 22 - v**3 + 22 - 43 - o*v**q. Give r(-2).
-1
Let u(w) = 2*w**2 - 10*w - 134. Let b be u(-6). Let o(q) = -13*q - 1. What is o(b)?
25
Suppose 4*l - 36 = -0*l. Suppose -2*o + 28 = -5*a, -4*a = -l*a - 4*o - 4. Let p(v) = -v**2 + 29 - 2*v - 121 - 4*v + 86. What is p(a)?
2
Let h(g) = 4*g + 103. Let s be h(-24). Let t(p) = -5*p**2 + 7*p. Let i(u) = 2*u**2 - 4*u. Let l(r) = s*i(r) + 3*t(r). Give l(-6).
6
Let g(x) = x**2 + x - 1. Let j(o) = -3*o**2 + 4*o - 2. Let a(v) = -4*g(v) - j(v). Calculate a(-6).
18
Let j = -889 - -865. Let r(y) = y**2 + 20*y - 84. Determine r(j).
12
Suppose -2*a + 5*t = -3*a + 16, 5*a - 134 = 2*t. Let v = a - 21. Let q(y) = -78*y**2 + 0*y - v*y + 79*y**2 + 6. Calculate q(4).
2
Let l(w) = 2*w**2 + w**2 + 5*w - 5*w**2 + 21. Let d be l(5). Let a(o) = 2 + 0 - 5 + o**2 + 3*o. What is a(d)?
1
Let a(u) be the third derivative of -1/720*u**6 - 7/24*u**4 - 13*u**2 + 1/24*u**5 + 0*u**3 + 0 + 0*u. Let c(t) be the second derivative of a(t). Determine c(5).
0
Let u = -20658 + 20672. Let p(l) = -3*l + 46. Give p(u).
4
Let g(d) be the first derivative of -d**4/4 - 5*d**3/3 - 5*d**2/2 - 5*d - 3409. Let r(c) = -c - 15. Let s be r(-10). Give g(s).
20
Let l(m) = -33*m - 72. Let w be l(-2). Let s(y) = y**3 + 6*y**2 - 2*y - 5. Determine s(w).
7
Suppose -5*j + k + 120 = -0*j, 5*k + 94 = 3*j. Suppose -16 = 2*w - 26. Let f(z) = j + 22 - w*z - 46. What is f(1)?
-6
Let a(g) = 5*g**3 - 48*g**2 - 50*g + 74. Let w(r) = 2*r**3 - 16*r**2 - 17*r + 25. Let s(v) = -3*a(v) + 8*w(v). Let t be 909/(-202)*20/6. What is s(t)?
-7
Let r(h) = -27 + 26 - 3*h**3 - 2*h + 4*h. Let b be (-4 + 6)*5/10. Calculate r(b).
-2
Suppose 0 = 4*u - 4*v, 8 = 4*u - u + 5*v. Suppose 2*d - u = 9. Let k(j) = -j - 5*j - j**2 + d + 5*j. What is k(-4)?
-7
Let k(d) = -d**2 - 7*d + 4. Let p(w) = -2*w**2 + 13*w - 1. Let l(j) = 4*j**2 - 24*j + 3. Let h(z) = 6*l(z) + 13*p(z). Let r be h(13). Give k(r).
-4
Let h(c) = -c**3 + 16*c**2 + 69*c + 9. Let v(x) = -13*x**3 + 187*x**2 + 828*x + 107. Let p(a) = -25*h(a) + 2*v(a). Determine p(-23).
-11
Suppose 51*q - 49*q = 10. Suppose 0*a + a = 15. Let u(n) = -n**3 - 6*n + 23*n**2 - a*n**2 - q + 0. What is u(7)?
2
Suppose 6*x = 3*x - 5*c - 35, 2*x = -2*c - 18. Let d be ((-24)/5)/((1/x)/1). Suppose -3*b = -d + 6. Let z(v) = -v + 2. Give z(b).
-4
Let d(y) = -y + 4. Let a be d(7). Let m(r) = r**3 + 2*r**2 + 3. Let z be m(-2). Let w(c) = z*c**2 - 3*c + 3*c**3 - 2*c**3 + 690 - 693. What is w(a)?
6
Let r(u) = -4*u + 2*u + u - 56*u**2 + 1 + 3*u + 53*u**2. Determine r(-1).
-4
Let v = 0 + -1. Let d be (5 + 1 + 0)*v. Let w(f) be the third derivative of f**5/60 + f**4/4 + 3*f**3/2 - 125*f**2 + 1. Determine w(d).
9
Suppose 3*o - 4*g + 3690 - 3712 = 0, 0 = 3*o - 2*g - 20. Let v(p) = p*